se 12) to base 8
-1060
15152 (base 10) to base 2
11101100110000
What is 101001001001 (base 2) in base 7?
10451
1045014 (base 6) to base 12
2676a
What is -1000022 (base 3) in base 9?
-1008
-ca4b (base 15) to base 16
-a745
What is 171 (base 15) in base 11?
281
What is 19c (base 13) in base 9?
361
-364 (base 11) to base 13
-274
What is -b298 (base 12) in base 14?
-7108
What is -1eb7 (base 16) in base 5?
-222423
Convert -829 (base 12) to base 5.
-14220
What is -56d5 (base 14) in base 4?
-3223223
-32022 (base 8) to base 7
-53602
What is 100010210 (base 3) in base 13?
3057
-39 (base 11) to base 3
-1120
What is 5528 (base 9) in base 5?
112301
Convert 11414 (base 12) to base 6.
254424
What is 84 (base 13) in base 8?
154
-9341 (base 10) to base 12
-54a5
What is 413 (base 5) in base 16?
6c
1200 (base 9) to base 3
1020000
What is -21005 (base 6) in base 8?
-5375
Convert 100011010110 (base 2) to base 12.
1386
Convert -111011101111000 (base 2) to base 16.
-7778
What is -400 (base 7) in base 9?
-237
215e (base 16) to base 14
3182
-110110110101 (base 2) to base 7
-13142
What is 8932 (base 10) in base 4?
2023210
What is 1233 (base 14) in base 6?
22421
Convert -400230 (base 5) to base 10.
-12565
Convert 1422 (base 7) to base 9.
676
Convert 3052 (base 9) to base 15.
9de
2143 (base 6) to base 8
757
Convert 31 (base 14) to base 11.
3a
What is -100101 (base 2) in base 3?
-1101
-300410 (base 6) to base 3
-1012012120
Convert -213433 (base 6) to base 3.
-220020010
What is 30554 (base 9) in base 10?
20137
Convert 5045 (base 6) to base 7.
3143
What is -1071 (base 8) in base 3?
-210002
Convert ba (base 14) to base 15.
ae
What is 101010000 (base 2) in base 4?
11100
Convert 1123303 (base 4) to base 16.
16f3
Convert 2245 (base 6) to base 4.
20111
185b (base 16) to base 5
144420
Convert 3918 (base 10) to base 12.
2326
Convert -55a (base 11) to base 6.
-3034
What is 1770 (base 10) in base 3?
2102120
-40027 (base 8) to base 2
-100000000010111
323 (base 6) to base 2
1111011
7916 (base 10) to base 4
1323230
What is 113350 (base 6) in base 13?
4644
118a5 (base 16) to base 7
416314
Convert -3755 (base 10) to base 7.
-13643
What is 503 (base 10) in base 7?
1316
What is -3001 (base 5) in base 3?
-111221
What is -1d0 (base 16) in base 11?
-392
What is -337 (base 9) in base 16?
-115
Convert 6413 (base 14) to base 4.
10031301
What is -25401 (base 6) in base 2?
-111011101001
675 (base 14) to base 6
5531
Convert -6ed (base 16) to base 3.
-2102200
-104303 (base 5) to base 11
-2867
What is 1230 (base 8) in base 11?
554
What is 6157 (base 8) in base 4?
301233
Convert -40053 (base 6) to base 2.
-1010001100001
-81a (base 15) to base 14
-945
-440400 (base 6) to base 9
-54870
-1110111000000 (base 2) to base 4
-1313000
Convert -15664 (base 7) to base 5.
-120311
Convert -112101 (base 5) to base 3.
-12112010
What is 20263 (base 9) in base 7?
53616
12d2 (base 14) to base 3
11112222
-1200201 (base 3) to base 9
-1621
-4670 (base 16) to base 14
-6800
What is 1233230 (base 4) in base 7?
26561
Convert 323341 (base 6) to base 3.
1100121221
What is 1531 (base 7) in base 13?
37c
What is 12120 (base 4) in base 6?
1520
What is 411422 (base 5) in base 11?
a048
Convert -127 (base 15) to base 16.
-106
What is -405 (base 11) in base 9?
-603
-112201220 (base 3) to base 14
-3cb5
What is -48a (base 14) in base 16?
-38a
33022003 (base 4) to base 12
2bb17
32130201 (base 4) to base 9
100143
1ca (base 16) to base 11
387
What is 234 (base 15) in base 5?
3444
Convert -37575 (base 8) to base 7.
-65246
Convert 41064 (base 9) to base 2.
110100110010111
-12013021 (base 4) to base 9
-37304
2004 (base 5) to base 15
11e
5849 (base 10) to base 6
43025
What is 763 (base 15) in base 8?
3204
Convert -31323113 (base 4) to base 7.
-325214
Convert 11 (base 3) to base 12.
4
What is 3185 (base 13) in base 6?
51445
-773 (base 13) to base 9
-1668
Convert -7405 (base 15) to base 12.
-12242
What is 8a9 (base 13) in base 11?
1136
5ab (base 13) to base 7
2606
What is -554 (base 8) in base 9?
-444
-228 (base 10) to base 6
-1020
What is 33221 (base 4) in base 6?
4345
32345 (base 8) to base 4
3103211
-107b (base 15) to base 13
-1787
What is -842 (base 13) in base 2?
-10101111110
Convert a63 (base 12) to base 15.
6b0
What is 141142 (base 5) in base 14?
2181
What is -3189 (base 15) in base 8?
-24357
What is -210110112 (base 3) in base 7?
-63422
Convert -24486 (base 10) to base 2.
-101111110100110
What is -13302233 (base 4) in base 12?
-1657b
What is 4103 (base 6) in base 12?
633
Convert 3902 (base 16) to base 13.
6848
What is 37a (base 14) in base 16?
2b8
100111011101111 (base 2) to base 13
9275
Convert 212221 (base 3) to base 13.
3a9
What is -10001010 (base 3) in base 16?
-8a9
-1176 (base 10) to base 15
-536
Convert -5341 (base 9) to base 7.
-14305
-322 (base 9) to base 7
-524
-24555 (base 6) to base 16
-e57
What is 9647 (base 12) in base 15?
4d31
What is 5465 (base 8) in base 12?
17b1
-103403 (base 8) to base 11
-23a71
Convert -708 (base 14) to base 16.
-564
Convert 44 (base 6) to base 3.
1001
What is -70746 (base 8) in base 16?
-71e6
Convert -91c7 (base 15) to base 14.
-b311
Convert -319b (base 12) to base 4.
-1111013
What is -3e1 (base 16) in base 3?
-1100210
Convert -616 (base 16) to base 2.
-11000010110
What is -315 (base 7) in base 13?
-c3
Convert -1203243 (base 5) to base 8.
-53463
Convert 3757 (base 8) to base 7.
5631
What is -12144 (base 10) in base 2?
-10111101110000
Convert -1765 (base 9) to base 5.
-20410
-859d (base 15) to base 2
-110111001110001
What is -3310 (base 4) in base 3?
-100001
What is 14f0 (base 16) in base 7?
21425
103110303 (base 4) to base 2
10011010100110011
What is -97f (base 16) in base 11?
-1910
What is -311022 (base 4) in base 9?
-4600
Convert -120012022 (base 3) to base 7.
-44204
What is -32333 (base 6) in base 15?
-14b9
What is -34b (base 12) in base 3?
-200012
Convert -3547 (base 10) to base 5.
-103142
Convert -b12 (base 14) to base 9.
-2873
1161 (base 7) to base 12
303
What is -100111111 (base 2) in base 9?
-384
What is 201402 (base 6) in base 3?
210211102
What is 1055 (base 10) in base 15?
4a5
What is 568 (base 12) in base 2?
1100100000
Convert 664 (base 8) to base 15.
1e1
What is -64a (base 12) in base 6?
-4134
What is 12020002 (base 3) in base 2?
111011100001
Convert 4070 (base 8) to base 3.
2212221
Convert 8457 (base 14) to base 13.
a4cb
1000111101101 (base 2) to base 14
195b
11111010 (base 2) to base 7
505
What is 238 (base 13) in base 3?
112021
Convert 28c (base 15) to base 16.
246
What is 593b (base 13) in base 3?
122020001
Convert 1603 (base 7) to base 13.
3a3
138e (base 15) to base 7
15125
281 (base 14) to base 13
2cb
What is 255 (base 9) in base 6?
552
What is 25909 (base 10) in base 2?
110010100110101
Convert 223a (base 16) to base 8.
21072
What is 10111 (base 6) in base 14?
6b9
-203645 (base 8) to base 4
-100132211
Convert -858 (base 9) to base 3.
-221222
What is -faf (base 16) in base 12?
-23a7
-28a70 (base 12) to base 3
-2212221110
Convert -5101 (base 6) to base 7.
-3154
-20916 (base 12) to base 3
-2011200200
-605 (base 13) to base 15
-47e
-1002001110 (base 3) to base 16
-52bc
What is -857 (base 12) in base 5?
-14334
-36412 (base 9) to base 14
-8c64
10212022 (base 3) to base 15
c7b
What is -200013 (base 5) in base 9?
-8523
Convert -4153 (base 13) to base 4.
-2031001
What is -312 (base 16) in base 13?
-486
What is 1201 (base 4) in base 6?
241
What is 6915 (base 13) in base 16?
3981
Convert 7503 (base 10) to base 7.
30606
125321 (base 8) to base 4
22223101
-1742 (base 8) to base 12
-6aa
What is -2714 (base 12) in base 2?
-1000110000000
-313 (base 6) to base 3
-11100
239a (base 13) to base 6
35140
What is 1026 (base 12) in base 5?
24013
-487 (base 10) to base 11
-403
11100011 (base 2) to base 7
443
Convert -54402 (base 6) to base 13.
-3542
Convert 1585 (base 9) to base 5.
14321
What is 100422 (base 5) in base 10?
3237
Convert 368 (base 11) to base 7.
1163
Convert 13175 (base 10) to base 11.
9998
-5799 (base 13) to base 14
-46a2
Convert -10111101000101 (base 2) to base 6.
-132005
-3c94 (base 16) to base 6
-155444
175 (base 8) to base 10
125
What is 18561 (base 11) in base 15?
7a5b
28 (base 13) to base 2
100010
What is -618 (base 10) in base 13?
-387
What is -40522 (base 6) in base 16?
-1502
What